28 and 12.
4
Calculate the greatest common factor of 1271 and 287.
41
Calculate the greatest common divisor of 54 and 54.
54
Calculate the highest common divisor of 12 and 6.
6
What is the highest common divisor of 291 and 97?
97
What is the greatest common factor of 63 and 609?
21
What is the greatest common factor of 44 and 576?
4
Calculate the highest common divisor of 7266 and 168.
42
Calculate the highest common factor of 84 and 910.
14
Calculate the greatest common divisor of 16015 and 10.
5
Calculate the highest common factor of 3738 and 6.
6
Calculate the highest common factor of 222 and 259.
37
Calculate the greatest common divisor of 187 and 969.
17
Calculate the highest common divisor of 50 and 425.
25
What is the greatest common divisor of 703 and 19?
19
What is the greatest common factor of 7 and 35?
7
What is the greatest common divisor of 48 and 80?
16
Calculate the greatest common factor of 396 and 948.
12
Calculate the highest common divisor of 76 and 2147.
19
What is the highest common factor of 92 and 15778?
46
What is the highest common divisor of 3102 and 94?
94
What is the greatest common factor of 437 and 247?
19
What is the highest common factor of 21 and 903?
21
What is the highest common factor of 1054 and 17?
17
Calculate the highest common factor of 28 and 378.
14
What is the highest common divisor of 98 and 1092?
14
Calculate the greatest common divisor of 564 and 24.
12
Calculate the highest common divisor of 4100 and 25.
25
Calculate the greatest common divisor of 156 and 48.
12
What is the greatest common divisor of 410 and 10?
10
What is the highest common factor of 322 and 245?
7
What is the greatest common divisor of 3999 and 129?
129
Calculate the greatest common factor of 23 and 3013.
23
What is the greatest common divisor of 539 and 49?
49
What is the greatest common divisor of 29 and 17?
1
What is the greatest common divisor of 120 and 1455?
15
What is the highest common divisor of 1264 and 104?
8
What is the greatest common divisor of 425 and 50?
25
Calculate the highest common divisor of 30 and 5940.
30
What is the greatest common factor of 185 and 5?
5
Calculate the greatest common divisor of 249 and 72957.
249
What is the greatest common factor of 3 and 1053?
3
What is the highest common factor of 16999 and 191?
191
Calculate the greatest common factor of 152 and 10146.
38
Calculate the greatest common divisor of 123 and 18122.
41
What is the greatest common factor of 1 and 1381?
1
Calculate the highest common factor of 224 and 48.
16
What is the greatest common divisor of 64 and 1808?
16
Calculate the greatest common divisor of 35 and 22295.
35
Calculate the greatest common divisor of 34 and 1190.
34
Calculate the highest common divisor of 369 and 287.
41
What is the greatest common factor of 189 and 3339?
63
What is the highest common divisor of 2183 and 148?
37
Calculate the greatest common factor of 1269 and 1410.
141
Calculate the highest common factor of 7 and 679.
7
What is the highest common factor of 324 and 378?
54
What is the highest common factor of 455 and 2080?
65
What is the highest common divisor of 33 and 15?
3
Calculate the greatest common divisor of 20 and 10.
10
Calculate the greatest common factor of 49 and 7742.
49
What is the greatest common factor of 1476 and 3854?
82
Calculate the highest common divisor of 20 and 1355.
5
Calculate the greatest common divisor of 40 and 15320.
40
Calculate the greatest common divisor of 205 and 123.
41
Calculate the greatest common divisor of 19296 and 48.
48
Calculate the highest common divisor of 1104 and 6960.
48
Calculate the highest common factor of 301 and 35.
7
Calculate the greatest common divisor of 57 and 18.
3
Calculate the greatest common factor of 406 and 1392.
58
Calculate the greatest common divisor of 806 and 13.
13
What is the greatest common factor of 621 and 11730?
69
Calculate the highest common divisor of 917 and 524.
131
Calculate the greatest common divisor of 5784 and 168.
24
Calculate the greatest common factor of 216 and 16.
8
What is the highest common divisor of 880 and 720?
80
What is the highest common factor of 189 and 357?
21
Calculate the greatest common factor of 70773 and 93.
93
What is the greatest common factor of 12280 and 80?
40
Calculate the greatest common divisor of 80 and 260.
20
Calculate the highest common factor of 142 and 4.
2
What is the highest common divisor of 1420 and 20?
20
What is the greatest common divisor of 27 and 999?
27
Calculate the highest common divisor of 74 and 2.
2
Calculate the highest common factor of 4600 and 25.
25
Calculate the highest common divisor of 11885 and 10.
5
What is the greatest common factor of 45 and 15?
15
What is the greatest common divisor of 3223 and 11?
11
What is the highest common divisor of 828 and 1008?
36
What is the greatest common divisor of 238 and 306?
34
What is the highest common factor of 33 and 561?
33
Calculate the highest common factor of 245 and 1813.
49
Calculate the greatest common divisor of 38 and 2318.
38
What is the greatest common divisor of 48 and 2364?
12
What is the highest common factor of 867 and 51?
51
What is the highest common divisor of 11245 and 65?
65
Calculate the greatest common factor of 1001 and 8547.
77
Calculate the greatest common divisor of 324 and 144.
36
What is the greatest common divisor of 2 and 578?
2
Calculate the highest common divisor of 23713 and 23.
23
Calculate the greatest common factor of 447 and 298.
149
What is the greatest common factor of 47597 and 11?
11
Calculate the highest common divisor of 473 and 22.
11
What is the highest common factor of 11 and 44?
11
What is the greatest common factor of 864 and 162?
54
What is the greatest common factor of 1794 and 624?
78
What is the greatest common divisor of 81 and 6?
3
Calculate the highest common factor of 3200 and 36.
4
What is the greatest common divisor of 46 and 14?
2
Calculate the greatest common divisor of 1521 and 117.
117
What is the highest common divisor of 350 and 1925?
175
Calculate the highest common factor of 64 and 80.
16
What is the highest common divisor of 392 and 49?
49
What is the highest common factor of 13 and 715?
13
What is the highest common divisor of 966 and 736?
46
Calculate the highest common divisor of 6142 and 222.
74
Calculate the greatest common divisor of 53 and 1219.
53
Calculate the highest common divisor of 1690 and 190.
10
Calculate the greatest common factor of 2665 and 1820.
65
What is the greatest common factor of 270 and 80?
10
Calculate the highest common factor of 870 and 90.
30
What is the greatest common divisor of 116 and 2378?
58
Calculate the highest common factor of 108 and 396.
36
What is the highest common factor of 5831 and 952?
119
What is the greatest common factor of 42 and 96?
6
Calculate the greatest common divisor of 80 and 480.
80
Calculate the highest common factor of 452 and 339.
113
Calculate the greatest common factor of 98 and 14.
14
Calculate the greatest common divisor of 23448 and 120.
24
What is the greatest common factor of 244 and 1403?
61
Calculate the greatest common divisor of 1695 and 285.
15
Calculate the highest common factor of 40 and 70.
10
What is the highest common factor of 116 and 122?
2
What is the highest common factor of 164 and 533?
41
Calculate the greatest common divisor of 7 and 217.
7
What is the greatest common factor of 42276 and 39?
39
Calculate the highest common divisor of 42 and 224.
14
What is the highest common divisor of 3 and 14?
1
What is the greatest common factor of 8385 and 387?
129
What is the highest common divisor of 8304 and 48?
48
What is the highest common divisor of 250 and 500?
250
Calculate the greatest common factor of 142 and 18176.
142
What is the highest common divisor of 456 and 1767?
57
Calculate the highest common divisor of 205 and 150.
5
What is the highest common factor of 6226 and 88?
22
What is the greatest common divisor of 104 and 936?
104
Calculate the highest common divisor of 416 and 13.
13
What is the highest common divisor of 92 and 1127?
23
What is the highest common divisor of 259 and 21?
7
Calculate the highest common divisor of 1105 and 255.
85
Calculate the greatest common divisor of 4 and 332.
4
What is the gr